x be q(-7). Let h be i(x). Suppose 9 = -4*b + 21. What is the highest common divisor of b and h?
3
Suppose 5*h + 3*j = 6*h - 7, -5*h = -2*j - 35. Let a = -7 + 12. Suppose -5*m + 10 = a*k, k + 0 = -5. What is the greatest common factor of m and h?
7
Let t be 2*-1 - (-8)/(-4). Let h = t + -2. Let x be 122/14 + h/(-21). What is the greatest common divisor of x and 1?
1
Let c be 2/4 + (-9)/(-2). Let k = 74 + -49. What is the greatest common factor of c and k?
5
Let l = -84 + 60. Let f be (-482)/(-8) - (-6)/l. What is the highest common divisor of 15 and f?
15
Let s(u) = u - 5. Let q be s(5). Let z = q - -11. Calculate the greatest common factor of 99 and z.
11
Let p be (528/(-30))/(-1*2/5). Calculate the highest common factor of 22 and p.
22
Suppose 3*s + 4*d = -2*s + 9, -4 = s - 5*d. Let k be 1 + 7 + (-1)/s. Let l be 14/1 + 0/(-2). What is the highest common factor of l and k?
7
Suppose 4*q - j + 36 = 0, 3*q + 16 = 2*q + 2*j. Let z be (1 - -1)*(-4)/q. Suppose -p + 5 = -2. What is the highest common divisor of p and z?
1
Let d(s) = -s**3 - 6*s**2 - 4*s - 1. Let t be d(-8). Let l be 2/4 - t/(-6). What is the greatest common factor of l and 3?
3
Let y = -14 + 19. What is the highest common divisor of y and 35?
5
Let n be (-211)/(-3) - 6/18. Calculate the greatest common divisor of 28 and n.
14
Suppose 4*z = 2*t - 21 - 67, 3*t - 144 = 3*z. Suppose -p - 65 = -6*p. Calculate the greatest common divisor of t and p.
13
Suppose 0 = 2*g - 38 + 14. Calculate the highest common divisor of 132 and g.
12
Let f(i) = 2*i**3 - 6*i**2 + 3*i + 5. Let y be f(5). Let q be (-15)/(-30) + (-39)/(-2). What is the highest common factor of y and q?
20
Let d(c) = -6*c - 20. Let k be d(-6). Let z = -84 - -212. What is the highest common divisor of z and k?
16
Let s = 0 - -3. Suppose -2 - 4 = 3*a. Let l be (-2 + 3/6)*a. What is the greatest common factor of s and l?
3
Suppose 0*a - 2*a = -20. Calculate the greatest common divisor of a and 6.
2
Let y(x) = x. Let s be y(2). Let l be (-33)/(s - 5)*-12. Let f = 192 + l. What is the greatest common divisor of f and 15?
15
Let w = -17 - -20. Calculate the greatest common factor of w and 12.
3
Suppose 0 = -4*h - 2*g + 8, -2*g + 8 = -5*h. Suppose h = z - 108 + 24. Suppose -2*d - 2*d + z = 0. What is the greatest common divisor of d and 7?
7
Suppose -o + 0*o + 4*k + 118 = 0, -5*o - 4*k = -494. Let a = 1 + 1. Suppose -4*h = 8, -3*p + o = a*p - h. What is the greatest common divisor of p and 10?
10
Suppose 3*d - 15 = 2*d. Let c be 2/d - (-3408)/90. Calculate the greatest common divisor of c and 19.
19
Let c(k) = -k - 4. Let w be c(-6). Let l be 156/w - (-2 + 0). What is the greatest common factor of l and 10?
10
Let t = -20 + 41. Calculate the greatest common factor of 14 and t.
7
Let k = -9 + 34. Calculate the highest common factor of k and 275.
25
Suppose 2*v - v = 4*k + 24, -5*k + 157 = 3*v. Suppose -5*u = -3*u - v. What is the greatest common divisor of u and 33?
11
Suppose 3*k - 12 - 18 = 0. What is the greatest common divisor of k and 25?
5
Let p be ((-20)/(-14))/(3/21). Let n = 18 - p. Calculate the greatest common divisor of 56 and n.
8
Let w = -88 + 134. Calculate the greatest common factor of w and 23.
23
Let f = -15 - -22. Calculate the highest common divisor of f and 56.
7
Suppose 5*y + 35 = 10*y. What is the greatest common factor of y and 77?
7
Suppose -4*f - 6 = -2*b, -5*f + 4*b - 8*b = -25. Let x be (4/(-3))/4*-3. What is the greatest common divisor of x and f?
1
Let o be 4 - -1*6/(-3). Suppose -5*a = -q - 2, 2*q + 6*a - 3*a = 9. What is the greatest common factor of q and o?
1
Let k be (-1 + (-46)/(-6))*(-45)/(-10). Calculate the greatest common divisor of k and 15.
15
Let y(o) = -o**2 + o + 2. Let f be y(-2). Let b(t) = -3*t + 5. Let x be b(f). Let a be -2*1 - -2 - -119. What is the greatest common divisor of a and x?
17
Suppose 7 = 3*f - 2. Let t(s) = s + 3. Let q be t(f). Calculate the greatest common divisor of q and 42.
6
Let u(j) = -3*j - 3*j - 2*j. Let f be u(-1). Let i(z) = -7*z + 4. Let a be i(-4). What is the highest common factor of a and f?
8
Let m(k) = -k**3 - 10*k**2 + 10*k + 3. Let y be m(-11). Calculate the highest common divisor of y and 35.
7
Let a be 0 - -14 - 3/1. What is the greatest common divisor of a and 44?
11
Let v(a) = -a**2 + 8*a + 1. Let f be v(6). Suppose 0 = -4*q - 5*l + 3*l + 44, -4*l = 5*q - 49. What is the highest common divisor of f and q?
13
Let k = 51 - 77. Let a = -16 - k. Let v(s) = s**2 + 1. Let z be v(-3). Calculate the highest common factor of z and a.
10
Suppose -8*f - 660 = -19*f. What is the highest common divisor of f and 660?
60
Suppose 3*t = 18 + 15. Suppose -2*j + 100 = 5*v, j - 4*v - t = 13. Let h be (-1)/(-2)*22 - 1. Calculate the highest common divisor of j and h.
10
Suppose 2*a - 202 + 26 = 0. Let p be (-88)/(-8) + -14 - (1 - 15). What is the greatest common factor of p and a?
11
Suppose -d + 3 = -12. Calculate the greatest common factor of 3 and d.
3
Let u = 2 + 1. Suppose a + 5 = 0, -u*a - 30 = -2*c - a. Calculate the highest common factor of c and 4.
2
Suppose -y + 10 + 12 = 0. Suppose 5*g - 117 = -y. Let i be ((-19)/2)/(3/(-30)). Calculate the highest common factor of g and i.
19
Suppose 18 = 3*j + 2*t, -4*j - 2*t + 5*t + 7 = 0. Suppose 4 = 2*x - 4*r, -4*x + 4 = -r + 17. Let k = x - -6. Calculate the highest common factor of j and k.
2
Suppose -13*c = -9*c - 4. Calculate the greatest common factor of c and 4.
1
Suppose -11 = 2*r - 13, -3*d + 4*r = -332. What is the highest common divisor of d and 14?
14
Let p(g) = -19 + g + 14 - 4*g**2 - 3*g - g**3. Suppose 3*u = -3*n - 2*n - 35, -28 = 2*n + 4*u. Let t be p(n). Calculate the greatest common factor of 21 and t.
3
Suppose -925 + 169 = -4*v. What is the highest common divisor of 27 and v?
27
Suppose 23 = 2*h - 23. What is the greatest common factor of h and 92?
23
Let s be (0 - (-3 + 2)) + 1. Suppose 4*j - 2*i + 18 = 0, -2 = -s*j - i - 1. Let z be -4*(j - (3 + -2)). Calculate the greatest common factor of 3 and z.
3
Let o(u) = -u + 4. Let w be o(0). Suppose 2*t + 0*t = -5*n - 98, 2*t + 80 = -w*n. Let j be (-32)/n + 4/18. What is the greatest common factor of 18 and j?
2
Suppose 0 = -0*l - 2*l + 32. Suppose -c + 14 = h - l, h = c - 36. Let a be -2*2*-6 - 2. What is the highest common factor of a and c?
11
Let m(s) = s. Let a(r) = 1. Let h(t) = 3*a(t) - 2*m(t). Let b be h(-6). What is the greatest common divisor of 90 and b?
15
Let z be ((-3)/(-2))/(1/(114/9)). Let u = 294 + -142. What is the highest common factor of u and z?
19
Let c = -34 - -54. Suppose 0*r - 8 = -r. What is the highest common factor of r and c?
4
Let a(w) = 3*w + 121. Let t be a(-27). Calculate the highest common factor of 160 and t.
40
Let t be (-1)/(-6) - 34/(-12). Suppose 0 = t*g + 5*f - 40, -f = 3*g - 2*g - 12. Let v = g - -2. Calculate the greatest common divisor of v and 36.
12
Let g(r) = r**3 + 4*r**2 - 5*r - 2. Let d be g(-4). Let f be -1*((-9)/6*-2 + -75). What is the greatest common factor of f and d?
18
Let f = -10 + 14. Suppose -3 = -p + f*u - 0*u, -u - 15 = -5*p. Suppose 4*z - 3*d = 25, -45 = -3*z - 0*d - p*d. Calculate the highest common factor of 90 and z.
10
Suppose 0 = 5*z - 19 - 21. Let v be (z/(-6))/((-4)/24). Calculate the greatest common factor of 8 and v.
8
Suppose 0 = -3*r + 1 + 5. Let s be (-244)/5 + r/(-10). Let d = -14 - s. Calculate the highest common factor of d and 7.
7
Let w be ((-1116)/16)/(-9) - (-2)/8. Let k = -14 - -34. What is the highest common factor of w and k?
4
Suppose -6 = -2*a, -37 = -5*l + 2*a + 12. Calculate the highest common factor of l and 121.
11
Let z(h) = -h**2 - 4*h + 1. Suppose f = 5*i + 4*f + 27, 18 = -2*i - 3*f. Let n be z(i). Suppose -n*a = 8 - 24. What is the highest common factor of 44 and a?
4
Let p = 42 - 33. Calculate the highest common divisor of 9 and p.
9
Let v = 176 - 95. What is the highest common divisor of v and 9?
9
Let j be (-4 - -2 - -3) + 25. Calculate the highest common factor of 52 and j.
26
Let m = 13 + 21. Let l = m + -21. Suppose 0 = 4*y - 2*y - 2*s - 278, 163 = y + 5*s. What is the highest common divisor of y and l?
13
Suppose -3*s - 11 = -i, 2*i - 2 - 12 = 4*s. Let x be ((-6)/9)/(s/18). Suppose -x + 21 = 3*z. Calculate the highest common divisor of 54 and z.
6
Let v(b